er when 11421 is divided by 672?
669
What is the remainder when 20952 is divided by 6622?
1086
Calculate the remainder when 50308490 is divided by 686.
680
What is the remainder when 103273042 is divided by 11474782?
4
Calculate the remainder when 1757618 is divided by 292934.
14
What is the remainder when 252365 is divided by 31544?
13
Calculate the remainder when 4429604 is divided by 727.
720
Calculate the remainder when 351033 is divided by 87720.
153
What is the remainder when 2011294 is divided by 1912?
1782
What is the remainder when 55101398 is divided by 33?
11
What is the remainder when 371676 is divided by 369397?
2279
What is the remainder when 31162377 is divided by 944?
937
Calculate the remainder when 948768 is divided by 936.
600
Calculate the remainder when 383881 is divided by 95818.
609
What is the remainder when 214501 is divided by 107182?
137
Calculate the remainder when 1963233 is divided by 1051.
1016
Calculate the remainder when 3004660 is divided by 231126.
22
Calculate the remainder when 58072 is divided by 5962.
4414
What is the remainder when 4704236 is divided by 742?
698
Calculate the remainder when 4590367 is divided by 458.
291
What is the remainder when 19158 is divided by 1185?
198
Calculate the remainder when 217208548 is divided by 29.
27
Calculate the remainder when 9911464 is divided by 48.
40
What is the remainder when 162394168 is divided by 63460?
28
What is the remainder when 1269124 is divided by 974?
2
Calculate the remainder when 2354504 is divided by 41.
38
Calculate the remainder when 77735249 is divided by 75.
74
What is the remainder when 425573 is divided by 2915?
2898
Calculate the remainder when 92184342 is divided by 1218.
12
What is the remainder when 1464 is divided by 1426?
38
Calculate the remainder when 53387569 is divided by 179756.
37
Calculate the remainder when 133404620 is divided by 1561.
1560
What is the remainder when 139226426 is divided by 2134?
2132
Calculate the remainder when 40617479 is divided by 37.
26
What is the remainder when 169607 is divided by 168320?
1287
What is the remainder when 85813327 is divided by 103?
10
Calculate the remainder when 413264 is divided by 169.
59
Calculate the remainder when 68353463 is divided by 707.
703
Calculate the remainder when 20842412 is divided by 10421202.
8
Calculate the remainder when 2845780 is divided by 4077.
34
What is the remainder when 4096303 is divided by 1735?
1703
What is the remainder when 588885 is divided by 396?
33
What is the remainder when 3797855 is divided by 610?
605
What is the remainder when 118737 is divided by 38169?
4230
Calculate the remainder when 1875142 is divided by 936735.
1672
What is the remainder when 18673928 is divided by 1481?
1480
What is the remainder when 23487 is divided by 6090?
5217
Calculate the remainder when 33640 is divided by 16282.
1076
Calculate the remainder when 46234684 is divided by 8202.
10
Calculate the remainder when 842630 is divided by 1662.
1658
What is the remainder when 15889411 is divided by 163?
8
What is the remainder when 17117631 is divided by 41148?
63
What is the remainder when 395845 is divided by 395535?
310
What is the remainder when 658827 is divided by 329398?
31
Calculate the remainder when 3291384 is divided by 1645439.
506
Calculate the remainder when 7285208 is divided by 227661.
56
What is the remainder when 2537420 is divided by 10?
0
What is the remainder when 457405 is divided by 457405?
0
Calculate the remainder when 21321 is divided by 1580.
781
Calculate the remainder when 739144570 is divided by 8359.
8354
Calculate the remainder when 121644 is divided by 10696.
3988
Calculate the remainder when 985581 is divided by 164263.
3
What is the remainder when 368966 is divided by 4010?
46
What is the remainder when 875704 is divided by 630?
4
What is the remainder when 44084 is divided by 1763?
9
Calculate the remainder when 117764376 is divided by 117764369.
7
Calculate the remainder when 7201176 is divided by 3600583.
10
Calculate the remainder when 7118787 is divided by 1357.
1322
What is the remainder when 200147 is divided by 66707?
26
What is the remainder when 27146730 is divided by 48650?
30
What is the remainder when 2557507 is divided by 16?
3
Calculate the remainder when 183883 is divided by 73.
69
What is the remainder when 502767 is divided by 10697?
8
What is the remainder when 239059 is divided by 351?
28
What is the remainder when 12405 is divided by 954?
3
Calculate the remainder when 209161641 is divided by 146.
143
What is the remainder when 708222431 is divided by 1767?
1763
What is the remainder when 11153548 is divided by 6238?
4
Calculate the remainder when 79633 is divided by 14775.
5758
What is the remainder when 74844 is divided by 36681?
1482
Calculate the remainder when 950880 is divided by 30.
0
Calculate the remainder when 193228731 is divided by 5.
1
Calculate the remainder when 13498821 is divided by 4499516.
273
What is the remainder when 4033877 is divided by 329?
8
What is the remainder when 398712 is divided by 8?
0
Calculate the remainder when 988133 is divided by 222.
11
What is the remainder when 26297 is divided by 796?
29
What is the remainder when 516089 is divided by 103179?
194
What is the remainder when 3505381 is divided by 584228?
13
What is the remainder when 436988 is divided by 54623?
4
Calculate the remainder when 1086823 is divided by 506.
441
What is the remainder when 5453875 is divided by 13?
11
Calculate the remainder when 272518 is divided by 74.
50
Calculate the remainder when 6439502 is divided by 860.
682
Calculate the remainder when 147025 is divided by 24131.
2239
Calculate the remainder when 724034657 is divided by 82.
77
What is the remainder when 15207325 is divided by 79?
62
What is the remainder when 74893809 is divided by 2187?
2181
Calculate the remainder when 3199924 is divided by 8579.
8536
Calculate the remainder when 3760222 is divided by 786.
784
What is the remainder when 637291 is divided by 21962?
393
What is the remainder when 16207 is divided by 3914?
551
What is the remainder when 303961273 is divided by 129?
121
Calculate the remainder when 84115250 is divided by 442.
440
Calculate the remainder when 80732 is divided by 3507.
71
Calculate the remainder when 280389 is divided by 800.
389
What is the remainder when 14654425 is divided by 2215?
2200
Calculate the remainder when 17624141 is divided by 376.
269
What is the remainder when 399561 is divided by 1279?
513
Calculate the remainder when 929878 is divided by 3369.
34
What is the remainder when 8958661 is divided by 129?
127
What is the remainder when 96461 is divided by 11895?
1301
Calculate the remainder when 1010535 is divided by 1472.
743
What is the remainder when 1993302 is divided by 1492?
1482
What is the remainder when 183262 is divided by 36568?
422
What is the remainder when 1889441 is divided by 86?
21
Calculate the remainder when 1927421 is divided by 862.
851
Calculate the remainder when 117117839 is divided by 552.
551
What is the remainder when 8604193 is divided by 2868061?
10
Calculate the remainder when 5508500 is divided by 31840.
180
Calculate the remainder when 1618698 is divided by 37636.
350
Calculate the remainder when 210671 is divided by 14532.
7223
What is the remainder when 70901332 is divided by 1411?
1404
Calculate the remainder when 677291 is divided by 24187.
55
Calculate the remainder when 661062 is divided by 27544.
6
Calculate the remainder when 3904200 is divided by 433732.
612
What is the remainder when 21094 is divided by 1846?
788
What is the remainder when 12640723 is divided by 1647?
1645
Calculate the remainder when 2962352 is divided by 370292.
16
Calculate the remainder when 6001872 is divided by 1181.
30
Calculate the remainder when 70406 is divided by 17464.
550
What is the remainder when 1539282 is divided by 1539233?
49
Calculate the remainder when 487209054 is divided by 2605396.
2
Calculate the remainder when 43376417 is divided by 918.
917
What is the remainder when 837272 is divided by 44047?
379
What is the remainder when 46971572 is divided by 420?
32
What is the remainder when 671497 is divided by 30505?
387
What is the remainder when 305449 is divided by 145